46.
3353
Calculate the remainder when 140816550 is divided by 79.
77
Calculate the remainder when 9670243 is divided by 39.
37
What is the remainder when 2533138 is divided by 4631?
4612
Calculate the remainder when 1109857 is divided by 1331.
1134
What is the remainder when 408751 is divided by 124?
47
What is the remainder when 226852160 is divided by 75617385?
5
Calculate the remainder when 1754 is divided by 1525.
229
Calculate the remainder when 260643 is divided by 4050.
1443
Calculate the remainder when 8360879 is divided by 1148.
1143
Calculate the remainder when 3652961 is divided by 4997.
154
What is the remainder when 2272599 is divided by 2272328?
271
What is the remainder when 299847 is divided by 59729?
1202
Calculate the remainder when 3080498 is divided by 23335.
278
Calculate the remainder when 1699958 is divided by 3846.
26
What is the remainder when 345291 is divided by 255?
21
Calculate the remainder when 968805 is divided by 29.
2
What is the remainder when 1038391 is divided by 259220?
1511
Calculate the remainder when 2541614 is divided by 3197.
3196
What is the remainder when 8298949 is divided by 2074734?
13
Calculate the remainder when 69362269 is divided by 166.
165
Calculate the remainder when 7881965 is divided by 1970484.
29
Calculate the remainder when 31270 is divided by 28995.
2275
Calculate the remainder when 175801 is divided by 2130.
1141
What is the remainder when 1154908 is divided by 402?
364
Calculate the remainder when 10978338 is divided by 620.
618
What is the remainder when 2848528 is divided by 106?
96
Calculate the remainder when 95433 is divided by 2412.
1365
What is the remainder when 251020 is divided by 271?
74
What is the remainder when 62558802 is divided by 322?
320
Calculate the remainder when 141691 is divided by 2180.
2171
What is the remainder when 122451054 is divided by 6734?
6732
What is the remainder when 834558 is divided by 1818?
96
What is the remainder when 12936 is divided by 538?
24
What is the remainder when 3933318 is divided by 28?
18
What is the remainder when 2779713 is divided by 126348?
57
What is the remainder when 218802 is divided by 42593?
5837
Calculate the remainder when 77153 is divided by 187.
109
What is the remainder when 10019324 is divided by 1779?
1775
Calculate the remainder when 75135655 is divided by 4.
3
Calculate the remainder when 84472 is divided by 330.
322
What is the remainder when 1991499 is divided by 39812?
899
What is the remainder when 373842 is divided by 207?
0
What is the remainder when 79819 is divided by 6081?
766
Calculate the remainder when 1110356 is divided by 376.
28
Calculate the remainder when 208436 is divided by 68750.
2186
Calculate the remainder when 9342046 is divided by 47.
44
Calculate the remainder when 816674 is divided by 406543.
3588
What is the remainder when 19004985 is divided by 105?
90
What is the remainder when 135780 is divided by 927?
438
What is the remainder when 748394 is divided by 951?
908
Calculate the remainder when 21656 is divided by 61.
1
What is the remainder when 23495 is divided by 2586?
221
What is the remainder when 37630346 is divided by 35?
26
Calculate the remainder when 16753125 is divided by 5332.
5313
What is the remainder when 705789 is divided by 39206?
81
Calculate the remainder when 1300679 is divided by 433550.
29
Calculate the remainder when 11941808 is divided by 22447.
4
What is the remainder when 3253927 is divided by 1626958?
11
Calculate the remainder when 13484153 is divided by 21.
11
What is the remainder when 74022768 is divided by 7621?
7616
Calculate the remainder when 732701 is divided by 146526.
71
What is the remainder when 409823349 is divided by 3247?
3244
Calculate the remainder when 1803195 is divided by 898.
11
What is the remainder when 2325698 is divided by 1162841?
16
What is the remainder when 5990 is divided by 5154?
836
What is the remainder when 1158966 is divided by 39963?
39
Calculate the remainder when 6637886 is divided by 160.
126
What is the remainder when 13238 is divided by 444?
362
What is the remainder when 5936649 is divided by 194?
55
What is the remainder when 4410606 is divided by 46?
34
Calculate the remainder when 42037 is divided by 864.
565
Calculate the remainder when 9333567 is divided by 1478.
1475
Calculate the remainder when 124587643 is divided by 2962.
2961
What is the remainder when 159201 is divided by 1008?
945
What is the remainder when 2403434 is divided by 38?
10
Calculate the remainder when 271046 is divided by 244.
206
What is the remainder when 4421474 is divided by 35?
29
Calculate the remainder when 15073372 is divided by 327682.
0
Calculate the remainder when 41066 is divided by 1474.
1268
What is the remainder when 1245421 is divided by 4180?
3961
What is the remainder when 165594 is divided by 41086?
1250
What is the remainder when 48124346 is divided by 267?
266
What is the remainder when 3018597 is divided by 22?
21
Calculate the remainder when 14861 is divided by 1045.
231
What is the remainder when 457117164 is divided by 307?
304
What is the remainder when 291432 is divided by 326?
314
What is the remainder when 2433534 is divided by 213?
9
Calculate the remainder when 51233 is divided by 51225.
8
Calculate the remainder when 524651 is divided by 22810.
21
What is the remainder when 260699 is divided by 869?
868
What is the remainder when 74880 is divided by 797?
759
What is the remainder when 1703701 is divided by 202?
33
What is the remainder when 12478 is divided by 1326?
544
Calculate the remainder when 40651 is divided by 31.
10
Calculate the remainder when 1998916 is divided by 791.
59
What is the remainder when 30778 is divided by 6144?
58
Calculate the remainder when 134481681 is divided by 531548.
37
What is the remainder when 150729 is divided by 1885?
1814
What is the remainder when 58330 is divided by 3041?
551
Calculate the remainder when 1479817 is divided by 12.
1
Calculate the remainder when 181567 is divided by 8.
7
Calculate the remainder when 23950 is divided by 2785.
1670
What is the remainder when 342671 is divided by 85641?
107
Calculate the remainder when 15827578 is divided by 89.
85
What is the remainder when 8351504 is divided by 82688?
16
What is the remainder when 5854828 is divided by 1669?
1645
Calculate the remainder when 7667 is divided by 7453.
214
Calculate the remainder when 3131508 is divided by 1380.
288
What is the remainder when 40247842 is divided by 6?
4
Calculate the remainder when 4341571 is divided by 868314.
1
What is the remainder when 20123 is divided by 4858?
691
What is the remainder when 107513 is divided by 74?
65
Calculate the remainder when 8118410 is divided by 105433.
69
Calculate the remainder when 133875117 is divided by 1042.
1041
What is the remainder when 645400443 is divided by 22?
17
Calculate the remainder when 19989680 is divided by 9994819.
42
What is the remainder when 535828 is divided by 962?
956
Calculate the remainder when 31896877 is divided by 21.
19
What is the remainder when 39130 is divided by 3557?
3
Calculate the remainder when 16458301 is divided by 574.
573
Calculate the remainder when 421272 is divided by 5013.
180
What is the remainder when 9058 is divided by 3222?
2614
What is the remainder when 39594791 is divided by 8051?
8024
Calculate the remainder when 47255 is divided by 4245.
560
Calculate the remainder when 40727924 is divided by 1.
0
What is the remainder when 223193 is divided by 55543?
1021
Calculate the remainder when 96680752 is divided by 558.
556
What is the remainder when 10557446 is divided by 546?
536
Calculate the remainder when 109702 is divided by 113.
92
What is the remainder when 1886157114 is divided by 129?
126
What is the remainder when 4202254 is divided by 88?
78
Calculate the remainder when 19985199 is divided by 490.
59
What is the remainder when 299652 is divided by 2204?
2112
Calculate the remainder when 6370 is divided by 22.
12
What is the remainder when 18234 is divided by 9015?
204
Calculate the remainder when 67599 is divided by 65050.
2549
Calculate the remainder when 697231 is divided by 29.
13
Calculate the remainder when 1809183 is divided by 1135.
1128
Calculate the remainder when 428158 is d